ctors of z.
2, 3, 5, 19, 137
Suppose 7*u - 3*u + 5*g - 89609 = 0, 3*g - 3 = 0. Suppose -13*z = -1077 - u. List the prime factors of z.
2, 3, 7, 43
Let l(w) = 9*w**3 - 15*w**2 + 23*w + 221. List the prime factors of l(12).
17, 19, 43
Let f(k) = 344*k**2 + 284*k - 1137. What are the prime factors of f(4)?
5503
Let v(r) = -r + 29. Suppose 0*h + 6*h = 1008. Suppose -h = 20*n - 8*n. List the prime factors of v(n).
43
Let i = -9412 - -28207. List the prime factors of i.
3, 5, 7, 179
Let j = 7 + 13. Suppose 0 = -10*a - j. List the prime factors of (-1090)/(-14) + 0 + a/(-14).
2, 3, 13
List the prime factors of (18804 - (-5 - -9)) + 0 + 1.
3, 2089
Let i be (-16)/20 + 1 + (-102)/(-15). Suppose -2731 - 62 = -i*v. What are the prime factors of v?
3, 7, 19
Suppose 309724 - 50227 = 21*j. List the prime factors of j.
3, 1373
Let i(x) = x**3 - 25*x**2 - 34*x - 31. List the prime factors of i(32).
23, 263
Let l be (-2)/4*-4*-25. Let s = 244 - l. List the prime factors of s.
2, 3, 7
Let j(f) = -f + 22. Let d be j(12). Suppose 0 = -v + 12 - d. Let k(y) = 22*y**3 - 2*y - 2. List the prime factors of k(v).
2, 5, 17
Suppose -101144 - 1833388 = -522*d. What are the prime factors of d?
2, 17, 109
Suppose 0 = 374*w - 370*w - 22064. List the prime factors of w.
2, 7, 197
Let u be (-2 - (-30)/(-21))*-1806. Suppose -12*h + u = -4*h. List the prime factors of h.
2, 3, 43
Let v = -2796 - -5515. What are the prime factors of v?
2719
Suppose -12*d - 19695 = -17*d + 4*y, -3*d = 3*y - 11844. Suppose -6*k = -1307 - d. List the prime factors of k.
5, 7
Let i = -34 - -42. Suppose 2*m + i*j - 140 = 3*j, 4*m + 2*j = 264. Let y = 93 + m. List the prime factors of y.
2, 79
Let k(p) = 1 + 20*p - p**2 - 4*p + 4 - 3. Let z be k(16). Suppose 3*y - 3*b - 260 = b, -y + 80 = z*b. List the prime factors of y.
2, 3, 7
Let k(m) = 3*m**2 + 7*m - 1. Let j be k(-3). Let p be ((-38)/2)/(j/(-30)*2). Suppose 53*l - p*l = -460. What are the prime factors of l?
5, 23
Let n = 30 + 98. Suppose 3*p - 6 = 2*s, 8*s + 6 = 3*p + 10*s. Suppose -j + 184 = p*q, -4*j + n + 629 = q. List the prime factors of j.
2, 5, 19
List the prime factors of (6138/(-3) - 0)/(1/(-4)).
2, 3, 11, 31
Suppose 17*t = -688 + 6927. Let q = t - 5. List the prime factors of q.
2, 181
List the prime factors of 210/30 + 1175395/35 + (-4)/(-14).
2, 5, 3359
Suppose 0 = a - 31 + 29. Suppose 0 = -5*x - 5*o + 200, 0 = -a*x - 2*x + o + 160. What are the prime factors of x + (0 - (0 - -2 - 5))?
43
Suppose 0 = -3*c - 2*d - 3 + 15, -c + d + 9 = 0. Suppose -q = -5*n + 3, c*n - 12 = -4*q + 2*n. What are the prime factors of (3/(-6))/(q/(-208))?
2, 13
Suppose -3*d - 36 = -51. Suppose 3*o + 37 - 1690 = d*p, 2*o - 1124 = -4*p. List the prime factors of o.
2, 139
Suppose -3*m = -a + 29, -4*m - 9 = 5*a + 55. Let z(c) be the third derivative of c**6/120 + c**5/5 - c**4/6 - c**3/6 + c**2. What are the prime factors of z(m)?
2, 41
Let c(i) = -52*i + 27. Let b be c(-4). Suppose -234*o = -b*o + 107. List the prime factors of o.
107
Let s be (-6 - 88/(-16))*780/(-1). Suppose 0 = -s*r + 396*r - 6054. List the prime factors of r.
1009
Suppose 5*y = s + 349 - 4554, -4*y = 4*s + 3388. Let t = y - -1192. What are the prime factors of t?
2, 5, 7
Suppose -434*p - 4576 = -q - 429*p, 3*q + 4*p = 13652. List the prime factors of q.
2, 17, 67
Let k(g) = 90*g**3 + 30*g**2 - 158*g - 10. List the prime factors of k(6).
2, 9781
Let w be 1*(-2 - (-20)/8)*976. Suppose 358 + w = 3*f. List the prime factors of f.
2, 3, 47
Suppose -94 = -2*m - 5*b, -6*m = -2*m + 2*b - 204. Let a = m + 57. Let z = 111 - a. List the prime factors of z.
2
Let g = -452 + 443. What are the prime factors of (1 - -71)/((-38)/g + -4)?
2, 3
Suppose 31*r + 91062 = 623353 + 138022. What are the prime factors of r?
7, 3089
Let g be (-2 + 382)/(8/2 + -2). Let q = g - -41. List the prime factors of q.
3, 7, 11
Let w(z) = 8*z - 1. Let g be w(-4). Suppose -f + 4*x = 2, 5*f + 67 = -0*f + x. Let s = f - g. List the prime factors of s.
19
Let t(w) = -2*w**2 - 5*w + 11. Let x be t(-7). Let p = x + 64. Suppose p = -d + 28. List the prime factors of d.
2
Let b = 2641 - 712. Suppose 141 + b = 5*y. List the prime factors of y.
2, 3, 23
Let l(d) be the second derivative of 3 - 7*d**2 - 6*d + 1/12*d**4 + 1/6*d**3. List the prime factors of l(17).
2, 73
Let i be (388 - 2)/((-12)/(-18)). Suppose -4*f = -i + 55. Let u = -32 + f. What are the prime factors of u?
3, 11
Let p = -322 - -451. Suppose -p*k = -126*k - 795. What are the prime factors of k?
5, 53
Suppose 2*w + 4*v + 28 = 0, 0 = v - 3 + 1. Let q = w - -21. Suppose 535 = -q*a + 8*a. What are the prime factors of a?
107
Let p = 3725 - 2907. List the prime factors of p.
2, 409
Suppose -5*r - 1104 = -0*r - d, 0 = -4*r + 5*d - 900. Let w = 76 + r. List the prime factors of ((-3)/12 + 1)/((-2)/w).
2, 3
Let u(c) = 546*c**2 + 43*c - 34. Let h be u(-9). What are the prime factors of 24/44 - h/(-55)?
797
Let j = -24 - -38. Suppose -j = -4*a + 106. Suppose a*b - 11*b - 912 = 0. List the prime factors of b.
2, 3
Let u(p) = -2*p**2 + 70*p - 40. Let x be 66/4*(-24)/(-18). List the prime factors of u(x).
2, 7, 19
Let h = 131 - 94. Suppose -38*r + 221 = -h*r. What are the prime factors of r?
13, 17
Let r = -432 - -781. What are the prime factors of 1 - 1 - (-7 - r) - 0?
2, 89
Suppose -308 = 14*i + 5362. Let w = i - -997. What are the prime factors of w?
2, 37
Let g(v) = 2*v**3 - 27*v**2 + 401*v - 62. List the prime factors of g(13).
2, 47, 53
Let o(y) = y**3 + 44*y**2 - 46*y - 424. List the prime factors of o(-31).
5, 2699
Let d = 1402 + 7348. What are the prime factors of d?
2, 5, 7
Suppose -y - 2*y - 12 = -3*o, 2*y + 20 = 5*o. Suppose 164 = -y*f + 2*f. Suppose 4*k - 114 = f. List the prime factors of k.
7
Let k(t) = 16*t**2 - 8*t + 580. What are the prime factors of k(-16)?
2, 1201
Let v be (6 - 1) + -2 - 0. Suppose h + 50 = -v*z + 4*z, -h + 97 = 2*z. List the prime factors of z.
7
Suppose -1 = -6*y + 23. Suppose 0*d + 2 = -5*k - y*d, 15 = 3*k - 3*d. Suppose -k*a + 0*a - 5*h = -137, -2*h = 5*a - 395. List the prime factors of a.
3
Suppose 37*v - 75*v = -852834. What are the prime factors of v?
3, 7481
Suppose 6*z - 16110 = -6294. Suppose 4*v - z = -4*l, -4*v - 2*l + 928 = -698. What are the prime factors of v?
2, 101
Suppose -2*r + 5*l = -50501, 15*l - 504688 = -20*r + 19*l. List the prime factors of r.
3, 13, 647
Suppose 9*r = 6415 + 61130. Suppose 33*j + r = 52*j. What are the prime factors of j?
5, 79
Suppose 5 + 109 = 3*t. Suppose d + 6 = -d, 4*a - d = 215. Let k = a - t. What are the prime factors of k?
3, 5
Let d(p) = 11*p + 6. Let x be d(-5). Let i = x + 50. Let r(l) = 69*l**3 + l**2 - l. List the prime factors of r(i).
3, 23
Suppose 2*b + 7 = 3*b. Let i be 87 + -3 - b/7. Let k = i + -36. What are the prime factors of k?
47
List the prime factors of 6006*(-6 + (-78)/(-18) - -2).
2, 7, 11, 13
Let l = 1434 - 2075. Let g = l + 1132. Let n = -349 + g. List the prime factors of n.
2, 71
Suppose 15 = 6*z - 3*z, -4*z = 2*j - 26. Suppose -8*h - 26 = -10*h + 2*r, j*h + 4*r = 39. What are the prime factors of h?
13
Let s(w) = 2*w**3 + 16*w**2 - 270*w - 37. What are the prime factors of s(15)?
6263
Let l(c) = -c**3 - 3*c**2 + 5*c - 23. Let n be l(-5). Suppose 3*w - 2699 = -4*m + 2*w, -n*m = -4*w - 1354. List the prime factors of m.
3, 5
Let m(h) = h**3 + 17*h**2 - 41*h - 18. Let q be m(-19). Suppose -q*k - 446 = -41*k. Let v = k + 41. What are the prime factors of v?
2, 3, 11
Suppose 0 = 4*x - 16, 724 = 5*u - 3*x + 4*x. Let n be ((-2)/2)/(27/(-135)). Suppose n*i + u = 8*i. List the prime factors of i.
2, 3
Let p(m) be the first derivative of m**4/4 - 31*m**3/3 + 19*m**2/2 + 76*m + 49. What are the prime factors of p(31)?
5, 7, 19
Let s be (-4794)/(-235)*(-10)/(-4). Suppose -26*h - 37000 = -s*h. What are the prime factors of h?
2, 5, 37
Let r(k) = 4*k**2 - 8*k + 3. Let j be r(9). Let z = j + -109. Suppose z = 3*i + 32. List the prime factors of i.
2, 19
What are the prime factors of (2 - 4) + -2 + 154624/16?
2, 3, 5, 7, 23
Let h(j) = 22*j**2 - 26*j - 458. What are the prime factors of h(-18)?
2, 43, 83
Let z be (-1 - -2)*(-84 - (11 + -6)). Let s = z + 80. Let r(a) = -16*a + 1. What are the prime factors of r(s)?
5, 29
Suppose -5*r + 8812 = -3*p - 36391, 3*r - 6*p = 27126. What ar